True
Is 4324083 composite?
True
Is 101582699 a composite number?
False
Is 1368249647 a prime number?
True
Is 2115937 a composite number?
False
Is 112818107 prime?
True
Is 49344301 composite?
True
Is 2759597 prime?
False
Is 2349681 composite?
True
Is 106105981 a prime number?
True
Is 11526429 a prime number?
False
Is 345938 a composite number?
True
Is 10327189 a composite number?
True
Is 138165211 a composite number?
True
Is 31394569 a prime number?
False
Is 346063 composite?
True
Is 2483529 composite?
True
Is 24782321 composite?
False
Is 32124971 composite?
False
Is 1749749 a composite number?
False
Is 1365307 composite?
False
Is 265225957 a composite number?
False
Is 100591 a composite number?
False
Is 44185727 composite?
True
Is 4167901 prime?
False
Is 378254 prime?
False
Is 93453593 composite?
False
Is 26288855 a composite number?
True
Is 124779283 a composite number?
False
Is 1219295017 prime?
True
Is 640163 prime?
True
Is 20862899 composite?
False
Is 556090471 prime?
True
Is 1130081 prime?
True
Is 48784877 prime?
False
Is 4044179 composite?
False
Is 14203767 a composite number?
True
Is 6488873 composite?
True
Is 34111447 prime?
False
Is 7093474 prime?
False
Is 510157 composite?
False
Is 1429637 composite?
True
Is 12539 a composite number?
False
Is 18828353 prime?
True
Is 4199053 a prime number?
False
Is 4242995 a prime number?
False
Is 1333919 a composite number?
False
Is 25439957 a prime number?
False
Is 160112569 a composite number?
True
Is 3554137 a prime number?
True
Is 361765129 a prime number?
False
Is 19050029 a composite number?
True
Is 7362323 a prime number?
False
Is 8677829 composite?
False
Is 130816259 a composite number?
True
Is 8475721 a composite number?
False
Is 117732233 prime?
False
Is 213733351 a composite number?
True
Is 5205839 prime?
True
Is 153733103 a composite number?
False
Is 45557139 a composite number?
True
Is 848321 composite?
False
Is 16586285 prime?
False
Is 8607943 a prime number?
True
Is 2081969 a prime number?
True
Is 57129467 a prime number?
True
Is 96391987 a prime number?
True
Is 21835447 composite?
False
Is 157757747 a prime number?
False
Is 40253011 composite?
False
Is 657272557 a composite number?
True
Is 71705143 a composite number?
False
Is 31232521 a prime number?
True
Is 341081 a composite number?
True
Is 13460663 composite?
False
Is 819985 a composite number?
True
Is 59496026 composite?
True
Is 2440079 a prime number?
True
Is 27383839 composite?
True
Is 4624247 prime?
False
Is 43029629 prime?
True
Is 745097447 a prime number?
True
Is 119449 a composite number?
True
Is 19546097 a composite number?
False
Is 7090997 a composite number?
True
Is 1898239 a composite number?
True
Is 6516971 prime?
True
Is 4489631 prime?
False
Is 13928323 composite?
True
Is 257112251 prime?
False
Is 11996761 prime?
False
Is 46570987 a composite number?
False
Is 998467 a prime number?
False
Is 1396867 a prime number?
True
Is 43006087 composite?
False
Is 42136213 prime?
False
Is 170802601 a prime number?
False
Is 10089481 composite?
False
Is 12188287 a composite number?
True
Is 754913 prime?
False
Is 15099479 composite?
False
Is 8255237 a composite number?
True
Is 7428053 a prime number?
False
Is 9867349 a prime number?
True
Is 89911039 a composite number?
True
Is 76278601 a composite number?
True
Is 2339801 composite?
True
Is 52183829 a composite number?
True
Is 938682337 composite?
False
Is 663611 a composite number?
True
Is 466996997 a prime number?
False
Is 4558973 composite?
False
Is 8256829 prime?
False
Is 38604541 a composite number?
False
Is 4084109 prime?
True
Is 9779219 a prime number?
False
Is 1136449 composite?
False
Is 1106965 a prime number?
False
Is 428794097 composite?
True
Is 370031 prime?
False
Is 8406267 a prime number?
False
Is 9074641 a prime number?
False
Is 37798901 a composite number?
True
Is 8996081 a prime number?
False
Is 2797801 a prime number?
False
Is 8422059 a composite number?
True
Is 42205201 a composite number?
True
Is 2110439969 prime?
False
Is 50579251 prime?
True
Is 155567 a prime number?
False
Is 3485129 a prime number?
True
Is 212368919 prime?
False
Is 1024179955 a prime number?
False
Is 7386073 a prime number?
True
Is 91909 prime?
True
Is 843253 prime?
True
Is 9214313 a prime number?
True
Is 86349013 composite?
False
Is 192610063 composite?
False
Is 103567619 a prime number?
False
Is 15163721 a composite number?
False
Is 228535883 a composite number?
True
Is 4232999 composite?
False
Is 486371503 a composite number?
True
Is 28132297 a prime number?
False
Is 6170059 a composite number?
True
Is 244644679 prime?
True
Is 5978869 a composite number?
True
Is 745046083 composite?
False
Is 7692871 a composite number?
True
Is 2391548009 a prime number?
True
Is 46601629 a composite number?
True
Is 54791057 a composite number?
False
Is 74086541 prime?
False
Is 13921979 a composite number?
False
Is 595667 a prime number?
False
Is 3366509 prime?
True
Is 5505121 prime?
True
Is 331854043 composite?
True
Is 15191959 prime?
False
Is 21677511 a composite number?
True
Is 743861 composite?
True
Is 8568083 a prime number?
False
Is 71189 a composite number?
True
Is 113717 a prime number?
True
Is 9307667 a prime number?
True
Is 108715571 composite?
False
Is 67256638 composite?
True
Is 21592717 a composite number?
True
Is 32099 a prime number?
True
Is 210470305 a composite number?
True
Is 14164817 a composite number?
False
Is 38687491 a composite number?
False
Is 8688865 prime?
False
Is 8450947 a composite number?
False
Is 10713527 a composite number?
True
Is 63602573 a composite number?
True
Is 143509169 a prime number?
True
Is 2370391 a prime number?
True
Is 9950141 a prime number?
True
Is 1056911 prime?
True
Is 4321103 a composite number?
False
Is 1782373 a composite number?
False
Is 609560593 composite?
False
Is 10105385 a prime number?
False
Is 15143351 a composite number?
False
Is 5517007 composite?
True
Is 6409913 composite?
False
Is 2017787 a composite number?
False
Is 218019907 composite?
True
Is 33179659 a composite number?
True
Is 84074135 a prime number?
False
Is 109975309 composite?
False
Is 560801 a prime number?
False
Is 333744241 prime?
True
Is 126143503 a composite number?
False
Is 32071349 a composite number?
False
Is 152508841 a composite number?
True
Is 162522317 a composite number?
False
Is 1819133 a prime number?
False
Is 2294299 composite?
True
Is 40626697 prime?
False
Is 379033 a composite number?
False
Is 29113153 prime?
True
Is 13138987 a prime number?
False
Is 66624617 a composite number?
False
Is 1178887 prime?
True
Is 1479671 prime?
True
Is 114376909 a composite number?
False
Is 30807299 prime?
True
Is 25702211 prime?
True
Is 39237383 a composite number?
False
Is 16255 a composite number?
True
Is 24364709 a composite number?
False
Is 1116077 prime?
True
Is 7195667 composite?
False
Is 8906863 a composite number?
True
Is 22907329 a composite number?
True
Is 333648229 composite?
False
Is 12102097 composite?
True
Is 2313538 prime?
False
Is 845489 a composite number?
False
Is 48325546 prime?
False
Is 136588619 a composite number?
False
Is 265703 a composite number?
False
Is 23009219 prime?
True
Is 10288711 prime?
False
Is 313909 prime?
True
Is 39713473 prime?
True
Is 2567287 a composite number?
False
Is 14145727 a composite number?
False
Is 6017447 a composite number?
True
Is 14925149 a prime number?
True
Is 38981587 a composite number?
False
Is 21971431 a composite number?
True
Is 4673003 composite?
False
Is 17286259 a prime number?
False
Is 10855799 a prime number?
True
Is 32957801 a composite number?
False
Is 7789053 composite?
True
Is 121499503 a composite number?
True
Is 175884341 a composite number?
False
Is 416506 composite?
True
Is 1046651 a prime number?
False
Is 110810611 composite?
False
Is 8367278 composite?
True
Is 16785011 a composite number?
False
Is 2349541 prime?
True
Is 566128939 prime?
True
Is 130824149 prime?
True
Is 367333579 composite?
True
Is 176618467 a prime number?
True
Is 93281 composite?
False
Is 261223 prime?
True
Is 32751859 a prime number?
False
Is 2959127 a composite number?
False
Is 1231761 prime?
False
Is 31154917 a prime number?
True
Is 6299263 a prime number?
False
Is 182857595 prime?
False
Is 247058729 composite?
True
Is 296299 prime?
True
I